p**2 - 156*p - 43. Give k(-7).
-274
Let i(y) = 78*y**2 + 1975*y + 2463. Calculate i(-24).
-9
Let c(r) = -3423*r + 51468. Calculate c(15).
123
Let u(d) = 588*d + 2378. What is u(-4)?
26
Let s(a) = -68*a**2 - 385*a + 1209. What is s(3)?
-558
Let a(g) = -290*g**2 + 59158*g + 410. Calculate a(204).
2
Let l(x) = -x**3 + 24*x**2 - 458*x + 4947. Determine l(15).
102
Let b(o) = -o**3 + 127*o**2 + 127*o - 34. Determine b(0).
-34
Let n(a) = 2*a**2 + 357688*a + 6795352. Determine n(-19).
2
Let x(y) = 6*y**2 + 282*y - 1553. What is x(-52)?
7
Let t(w) = w**3 + 8*w**2 - 6717*w - 748. What is t(-86)?
26
Let l(v) = -v**2 - 1236*v - 72213. What is l(-62)?
575
Let i(n) = 2*n**3 + 13*n**2 - 108*n - 695. Calculate i(-6).
-11
Let j(z) = 13195*z + 1306307. What is j(-99)?
2
Let k(j) = -694*j**2 - 210972*j + 1236. Give k(-304).
20
Let a(v) = -41*v**2 - 375*v + 766. Calculate a(2).
-148
Let g(d) = -d**3 + 17*d**2 + 1138*d - 18388. Give g(16).
76
Let p(i) = i**3 - 54*i**2 - 585*i + 731. Calculate p(63).
-403
Let i(b) = 5*b**3 + 5*b**2 - 616*b - 1848. What is i(-3)?
-90
Let d(h) = 3102*h + 195426. Determine d(-63).
0
Let y(x) = 9*x**3 + 5660*x**2 - 587*x + 26436. Determine y(-629).
18
Let f(v) = -5*v**3 - 23*v**2 + 78*v - 10. What is f(5)?
-820
Let x(z) = -z**3 + 59*z**2 - 1160*z + 9977. Give x(33).
11
Let y(t) = t**3 - 83*t**2 + 275*t - 30137. Determine y(84).
19
Let l(r) = 7*r**3 - 27*r**2 - 481*r + 1895. Calculate l(4).
-13
Let d(b) = b**3 + 305*b**2 - 1846*b - 119. What is d(6)?
1
Let w(t) = -5520*t - 568561. What is w(-103)?
-1
Let a(n) = -11*n**2 + 48*n - 42. Determine a(4).
-26
Let k(n) = 120*n**3 - 479*n**2 + 6*n - 33. What is k(4)?
7
Let w(s) = -s**3 - 88*s**2 - 1444*s - 823. Calculate w(-21).
-46
Let m(d) = -1423*d + 17267. What is m(12)?
191
Let k(j) = 3*j**3 - 30*j**2 - 632*j - 157. Calculate k(-10).
163
Let y(w) = -6*w**2 + 8115*w + 32512. Determine y(-4).
-44
Let w(c) = c**3 - 4*c**2 - 178*c + 367. Calculate w(2).
3
Let n(t) = 2*t**3 + 187*t**2 - 90*t + 433. Give n(-94).
57
Let f(h) = 11*h**3 + 935*h**2 + 16*h + 1379. Give f(-85).
19
Let n(u) = u**3 + 15*u**2 - 426*u - 6330. Calculate n(-13).
-454
Let h(k) = -2*k**3 + 16*k**2 - 691*k + 7309. Calculate h(10).
-1
Let m(f) = -47*f**2 + 2962*f - 2978. Give m(62).
-2
Let v(q) = -7*q**2 + 4156*q + 20863. Determine v(-5).
-92
Let h(m) = 6517*m - 847213. Give h(130).
-3
Let f(p) = 446560*p - 45102563. Give f(101).
-3
Let i(w) = -3441*w - 309692. Determine i(-90).
-2
Let y(a) = -1284*a - 102708. Give y(-80).
12
Let g(n) = -274515*n + 30196649. Determine g(110).
-1
Let k(n) = -30*n + 4744. Give k(161).
-86
Let g(c) = -23085*c - 369337. Calculate g(-16).
23
Let h(p) = -250*p + 3745. What is h(10)?
1245
Let h(m) = -2309218*m + 6927648. Determine h(3).
-6
Let v(r) = -4*r**3 - 3949*r**2 - 1456*r - 462901. Calculate v(-987).
2
Let n(u) = -1157*u - 3500. Calculate n(-3).
-29
Let m(s) = 2071*s + 14276. Calculate m(-7).
-221
Let w(p) = -217*p + 50468. Calculate w(222).
2294
Let c(w) = 769437*w + 5386058. Determine c(-7).
-1
Let d(y) = 2*y**3 - 287*y**2 + 700*y + 722. What is d(141)?
17
Let w(t) = 3973*t - 15998. Give w(4).
-106
Let h(q) = 11633*q + 1384337. Give h(-119).
10
Let j(o) = -5*o**3 + 22*o**2 + 126*o + 96. Determine j(-5).
641
Let g(q) = -4*q**2 - 12419*q + 316130. What is g(-3130)?
0
Let a(y) = y**3 - 12703*y**2 + 50750*y + 183. Calculate a(4).
-1
Let k(q) = -q**3 + 52*q**2 + 181*q - 3917. Give k(54).
25
Let b(l) = 4135*l + 3977841. Determine b(-962).
-29
Let g(b) = 3853*b - 347050. Calculate g(90).
-280
Let f(v) = -895*v + 2808. Calculate f(3).
123
Let a(b) = 6*b**2 - 1410*b + 35837. Calculate a(29).
-7
Let k(s) = -s**2 + 161*s - 2102. Calculate k(146).
88
Let v(i) = -i**3 - 9*i**2 - 1099*i - 10184. Determine v(-9).
-293
Let v(b) = -b**3 - 173*b**2 - 168*b + 692. Determine v(-172).
4
Let r(a) = 9*a**2 - 204*a + 108. Determine r(15).
-927
Let t(a) = 4*a**2 + 263*a + 1669. Determine t(-60).
289
Let p(j) = -4739*j - 1255831. Calculate p(-265).
4
Let o(c) = c**3 - 52*c**2 + 486*c - 22213. Determine o(51).
-28
Let t(a) = -3*a**2 - 159*a + 13478. Calculate t(46).
-184
Let p(y) = -121352*y - 121354. Give p(-1).
-2
Let w(h) = 564*h**2 - 165817*h + 281. Determine w(294).
-13
Let f(w) = -294*w - 23391. Determine f(-78).
-459
Let z(c) = -c**3 - c**2 - 80*c - 38. Give z(-8).
1050
Let l(s) = 19*s**2 + 2613*s + 19680. Give l(-8).
-8
Let t(f) = -2*f**3 + 20*f**2 + 276*f - 2794. Give t(11).
0
Let a(y) = y**2 - 1040*y - 48898. Calculate a(-45).
-73
Let p(b) = -3*b**3 + 589*b**2 - 2503*b + 1145. What is p(192)?
-199
Let x(t) = -10*t**3 - 660*t**2 - 8929*t - 3. Calculate x(-47).
-50
Let l(q) = -554577*q + 6100349. Give l(11).
2
Let u(s) = -88229*s - 6440725. Calculate u(-73).
-8
Let n(g) = 123*g**2 + 1342*g + 2120. Calculate n(-9).
5
Let f(k) = -k**3 + 25*k**2 + 51*k - 57. What is f(28)?
-981
Let b(z) = z**3 - 10*z**2 + 304*z - 1959. Calculate b(7).
22
Let d(s) = s**2 + 490*s + 53032. Determine d(-329).
63
Let x(z) = 296*z**2 + 10649*z - 261. What is x(-36)?
-9
Let i(f) = 171*f - 7038. Determine i(29).
-2079
Let s(j) = -40073*j - 320699. Determine s(-8).
-115
Let z(u) = u**3 + 141*u**2 - 4*u - 6. Give z(-141).
558
Let j(h) = h**3 + 25*h**2 + 49*h + 956. What is j(-29)?
-3829
Let x(z) = -z**3 - 24*z**2 - 180*z - 4220. Give x(-24).
100
Let m(g) = -150*g**3 + g**2 + 25*g + 86. Calculate m(-3).
4070
Let a(s) = 3*s**3 + 50*s**2 + 106*s - 921. Give a(-10).
19
Let t(d) = 4*d**3 - 27*d**2 - 166*d + 1142. Determine t(9).
377
Let v(q) = 60*q**2 + 5703*q + 387. What is v(-95)?
102
Let z(u) = -2*u**2 - 393*u + 115114. What is z(161)?
-1
Let i(h) = 424*h - 27964. Calculate i(66).
20
Let y(m) = -61*m**2 - 9576*m + 233. Give y(-157).
76
Let z(r) = 25083*r - 250835. What is z(10)?
-5
Let w(h) = -h**2 + 3613*h - 261769. What is w(74)?
117
Let s(h) = 699*h - 37662. Determine s(59).
3579
Let p(g) = -129*g + 412. Calculate p(-5).
1057
Let o(v) = -15824*v + 1139354. Give o(72).
26
Let v(y) = -58107*y - 4823002. Give v(-83).
-121
Let g(f) = 6*f**3 + 131*f**2 - 246*f + 4. What is g(2)?
84
Let a(d) = -9094*d + 99942. Calculate a(11).
-92
Let g(m) = 3*m**3 + 179*m**2 - 834*m - 118. Give g(-64).
10
Let v(p) = -7*p**2 + 1956*p + 3051. Give v(281).
-40
Let x(o) = 6615*o + 27373. Determine x(-4).
913
Let t(p) = p**3 + 38*p**2 - 281*p + 62. Determine t(6).
-40
Let c(g) = -2*g**3 + 280*g**2 + 2048*g - 72. What is c(-7)?
-2
Let l(b) = 389*b - 4291. What is l(10)?
-401
Let c(p) = 198*p**2 - 48*p - 164. Give c(-3).
1762
Let q(v) = 3*v**3 - 34*v**2 - 45*v + 402. Give q(10).
-448
Let o(z) = -20078*z + 160576. Calculate o(8).
-48
Let f(k) = -k**3 - 52*k**2 - 620*k + 29. Give f(-34).
301
Let g(x) = 289656*x + 4634502. Give g(-16).
6
Let q(x) = -9*x**2 - 7*x - 41. What is q(-3)?
-101
Let r(i) = -18*i**2 + 20*i + 31. Calculate r(-3).
-191
Let t(o) = -o**2 + 89*o + 7726. Calculate t(-54).
4
Let w(u) = u**2 + 229241*u - 1375482. What is w(6)?
0
Let j(m) = -m**2 - 5*m + 2869. Determine j(42).
895
Let o(c) = 3*c**2 + 755*c + 37208. Give o(-67).
90
Let f(m) = -67*m**2 + 10840*m + 2268. Determine f(162).
0
Let r(i) = -i**3 + 253*i**2 - 14279*i - 53. What is r(85)?
32
Let g(r) = 25*r + 1433. Give g(-77).
-492
Let q(t) = -14*t**3 - 730*t**2 - 101*t + 193. Give q(-52).
37
Let k(l) = 57505*l + 6670556. What is k(-116)?
-24
Let a(y) = 3*y**3 + 70*y**2 - 359*y + 107. Give a(4).
-17
Let d(a) = 4*a**2 + 112*a + 157. What is d(-26)?
-51
Let m(u) = -u**3 + 171*u**2 - 1000*u + 28210. Calculate m(166).
-10
Let p(n) = 7*n**3 - 219*n**2 - 183*n + 732. What is p(32)?
-4
Let q(x) = x**3 + 137*x**2 - 469*x - 26556. Determine q(-139).
-7
Let p(a) = 4*a**3 + 89*a**2 - 19*a - 505. Give p(-22).
397
Let v(y) = 161853*y + 6797827. Determine v(-42).
1
Let v(j) = -2*j**2 + 3544*j + 132575. Give v(-37).
-1291
Let v(t) = 4*t**2 + 1035*t - 646648. Give v(293).
3
Let h(s) = 529*s - 37594. Calculate h(71).
-35
Let p(m) = -623763*m - 29940641. Calculate p(-48).
-17
Let m(n) = -n**3 + 61*n**2 - 4229*n + 274450. Calculate m(63).
85
Let g(b) = b**2 - 17*b - 135. Calculate g(-6).
3
Let a(j) = 26127*j + 1163. What is a(0)?
1163
Let n(u) = u**2 + 30*u - 2031. Calculate n(35).
244
Let b(v) = -55*v**3 - 4077*v**2 - 527*v - 313. Give b(-74).
353
Let g(u) = 3793*u + 26556. What is g(-7)?
5
Let z(c) = -6243*c +